{"version":"1.0","type":"rich","width":"560px","height":"140px","title":"FPC451 \u2013 Nachklapp II des Fotogipfels OD, dem Erlebnisfestival 2025 \u2013 der pers\u00f6nliche Part - Im zweiten Teil des Nachklapps zum Fotogipfel Oberstdorf 2025 nehmen wir euch mit in besuchte Workshops & Vortr\u00e4ge, vermitteln die Atmosph\u00e4re des Events, haben einige T-T\u00f6ne f\u00fcr - aber auch Backgroundinfos warten auf euch.","url":"https:\/\/fotopodcast.de\/fpc451\/","author_name":"fotopodcast.de - News und Tipps rund um die Fotografie","author_url":"https:\/\/fotopodcast.de","thumbnail_url":"https:\/\/fotopodcast.de\/wp-content\/uploads\/media\/fotopodcast\/Uploads\/WS-FotoHike_AaronMoser_neufi_Fellhorn4027-scaled.jpeg","html":"<iframe width=\"560px\" height=\"140px\" src=\"https:\/\/fotopodcast.de\/fpc451\/?standalonePlayer\"><\/iframe>"}

FPC451 – Nachklapp II des Fotogipfels OD, dem Erlebnisfestival 2025 – der persönliche Part - Im zweiten Teil des Nachklapps zum Fotogipfel Oberstdorf 2025 nehmen wir euch mit in besuchte Workshops & Vorträge, vermitteln die Atmosphäre des Events, haben einige T-Töne für - aber auch Backgroundinfos warten auf euch.
